
What is the units digit of 6522?
2
What is the thousands digit of 1342?
1
What is the units digit of 2382?
2
What is the units digit of 1790?
0
What is the hundreds digit of 1221?
2
What is the hundreds digit of 1097?
0
What is the tens digit of 90917?
1
What is the units digit of 1422?
2
What is the thousands digit of 21692?
1
What is the ten thousands digit of 88890?
8
What is the units digit of 3436?
6
What is the tens digit of 545?
4
What is the hundreds digit of 4997?
9
What is the thousands digit of 1224?
1
What is the hundred thousands digit of 126004?
1
What is the thousands digit of 26652?
6
What is the tens digit of 1378?
7
What is the units digit of 131?
1
What is the units digit of 27873?
3
What is the units digit of 19204?
4
What is the tens digit of 55625?
2
What is the ten thousands digit of 25419?
2
What is the tens digit of 21656?
5
What is the tens digit of 72847?
4
What is the hundreds digit of 22405?
4
What is the hundreds digit of 882?
8
What is the units digit of 6000?
0
What is the tens digit of 4482?
8
What is the hundreds digit of 2645?
6
What is the units digit of 1258?
8
What is the hundreds digit of 848?
8
What is the hundreds digit of 243?
2
What is the ten thousands digit of 26928?
2
What is the tens digit of 3280?
8
What is the hundreds digit of 3381?
3
What is the units digit of 673?
3
What is the units digit of 151?
1
What is the hundreds digit of 176861?
8
What is the tens digit of 1175?
7
What is the tens digit of 873?
7
What is the units digit of 679?
9
What is the ten thousands digit of 130592?
3
What is the units digit of 1669?
9
What is the tens digit of 66738?
3
What is the thousands digit of 77467?
7
What is the ten thousands digit of 12298?
1
What is the hundreds digit of 58836?
8
What is the thousands digit of 3298?
3
What is the hundreds digit of 1345?
3
What is the hundreds digit of 117745?
7
What is the thousands digit of 25506?
5
What is the tens digit of 1006?
0
What is the hundreds digit of 1988?
9
What is the tens digit of 11412?
1
What is the units digit of 1304?
4
What is the thousands digit of 15697?
5
What is the ten thousands digit of 68977?
6
What is the units digit of 30592?
2
What is the tens digit of 536?
3
What is the units digit of 3955?
5
What is the tens digit of 2862?
6
What is the hundreds digit of 919?
9
What is the tens digit of 4623?
2
What is the tens digit of 3375?
7
What is the units digit of 2284?
4
What is the thousands digit of 114960?
4
What is the units digit of 694?
4
What is the hundreds digit of 3601?
6
What is the ten thousands digit of 110857?
1
What is the tens digit of 388?
8
What is the units digit of 3889?
9
What is the tens digit of 1996?
9
What is the hundreds digit of 7113?
1
What is the ten thousands digit of 29879?
2
What is the ten thousands digit of 190912?
9
What is the tens digit of 4856?
5
What is the tens digit of 3161?
6
What is the thousands digit of 70557?
0
What is the thousands digit of 4188?
4
What is the thousands digit of 13596?
3
What is the tens digit of 1299?
9
What is the thousands digit of 40196?
0
What is the units digit of 669?
9
What is the tens digit of 16321?
2
What is the units digit of 20163?
3
What is the tens digit of 1146?
4
What is the tens digit of 699?
9
What is the units digit of 25262?
2
What is the units digit of 7388?
8
What is the tens digit of 10866?
6
What is the thousands digit of 3179?
3
What is the hundreds digit of 696?
6
What is the tens digit of 361?
6
What is the units digit of 1566?
6
What is the units digit of 34796?
6
What is the units digit of 6899?
9
What is the units digit of 1911?
1
What is the units digit of 607?
7
What is the units digit of 62957?
7
What is the tens digit of 2048?
4
What is the hundreds digit of 6659?
6
What is the units digit of 1138?
8
What is the units digit of 1412?
2
What is the units digit of 12649?
9
What is the thousands digit of 5777?
5
What is the hundreds digit of 21290?
2
What is the thousands digit of 130791?
0
What is the ten thousands digit of 21886?
2
What is the tens digit of 1127?
2
What is the tens digit of 11390?
9
What is the thousands digit of 2370?
2
What is the tens digit of 443?
4
What is the tens digit of 7545?
4
What is the thousands digit of 8001?
8
What is the hundreds digit of 1279?
2
What is the units digit of 4426?
6
What is the hundreds digit of 21268?
2
What is the units digit of 170?
0
What is the units digit of 40744?
4
What is the units digit of 5080?
0
What is the units digit of 2999?
9
What is the tens digit of 3265?
6
What is the thousands digit of 129514?
9
What is the tens digit of 2480?
8
What is the units digit of 939?
9
What is the tens digit of 65?
6
What is the ten thousands digit of 12434?
1
What is the units digit of 4064?
4
What is the thousands digit of 17986?
7
What is the ten thousands digit of 189127?
8
What is the hundreds digit of 2416?
4
What is the ten thousands digit of 25519?
2
What is the hundreds digit of 6316?
3
What is the thousands digit of 25701?
5
What is the tens digit of 43538?
3
What is the hundreds digit of 2519?
5
What is the thousands digit of 15203?
5
What is the hundreds digit of 14194?
1
What is the hundreds digit of 941?
9
What is the hundreds digit of 1554?
5
What is the units digit of 853?
3
What is the hundreds digit of 29374?
3
What is the units digit of 87?
7
What is the thousands digit of 2084?
2
What is the hundreds digit of 630?
6
What is the tens digit of 3208?
0
What is the tens digit of 61884?
8
What is the hundreds digit of 1411?
4
What is the hundred thousands digit of 115559?
1
What is the tens digit of 1007?
0
What is the tens digit of 2042?
4
What is the ten thousands digit of 34431?
3
What is the tens digit of 1390?
9
What is the hundreds digit of 870?
8
What is the tens digit of 637?
3
What is the tens digit of 6610?
1
What is the hundreds digit of 15817?
8
What is the tens digit of 981?
8
What is the units digit of 5290?
0
What is the tens digit of 19?
1
What is the units digit of 418?
8
What is the hundreds digit of 1308?
3
What is the thousands digit of 118515?
8
What is the units digit of 21?
1
What is the hundreds digit of 7915?
9
What is the units digit of 205?
5
What is the thousands digit of 19988?
9
What is the hundreds digit of 50993?
9
What is the tens digit of 13?
1
What is the hundreds digit of 24683?
6
What is the hundreds digit of 7638?
6
What is the thousands digit of 37942?
7
What is the units digit of 109?
9
What is the thousands digit of 40823?
0
What is the units digit of 36451?
1
What is the units digit of 3321?
1
What is the ten thousands digit of 20343?
2
What is the hundreds digit of 14326?
3
What is the tens digit of 1304?
0
What is the hundreds digit of 23652?
6
What is the units digit of 16509?
9
What is the ten thousands digit of 17241?
1
What is the hundreds digit of 205?
2
What is the hundreds digit of 6796?
7
What is the tens digit of 44914?
1
What is the tens digit of 12462?
6
What is the tens digit of 36662?
6
What is the tens digit of 747?
4
What is the thousands digit of 3195?
3
What is the tens digit of 647?
4
What is the tens digit of 55528?
2
What is the tens digit of 1450?
5
What is the hundreds digit of 908?
9
What is the thousands digit of 1150?
1
What is the tens digit of 320?
2
What is the units digit of 18636?
6
What is the units digit of 87871?
1
What is the hundreds digit of 596?
5
What is the tens digit of 7027?
2
What is the hundreds digit of 812?
8
What is the thousands digit of 37842?
7
What is the tens digit of 240?
4
What is the hundreds digit of 29547?
5
What is the units digit of 93116?
6
What is the thousands digit of 1401?
1
What is the tens digit of 914?
1
What is the hundreds digit of 1926?
9
What is the ten thousands digit of 54712?
5
What is the tens digit of 1563?
6
What is the units digit of 223?
3
What is the units digit of 7154?
4
What is the ten thousands digit of 18215?
1
What is the hundreds digit of 930?
9
What is the hundreds digit of 25235?
2
What is the ten thousands digit of 70780?
7
What is the tens digit of 3374?
7
What is the tens digit of 68310?
1
What is the tens digit of 18511?
1
What is the thousands digit of 62763?
2
What is the hundreds digit of 7009?
0
What is the tens digit of 1298?
9
What is the tens di